- (-181 - -185). What is the remainder when ((-5336)/(-290))/(x/(-10)) is divided by q(-4)?
20
What is the remainder when 534270/363 + (-2)/(-11) is divided by 59?
56
Let m = -56 - 500. Let i = -481 - m. What is the remainder when 292 is divided by i?
67
Suppose -4*m - 18 = -10*m. Suppose 0 = -2*o - 5*j + 90, 271 = m*o + 2*o + j. Let s = 18 + -4. What is the remainder when o is divided by s?
13
Let n be (-24)/(-40) - 8616/(-15). Suppose -4*t - 4*c + 794 = 298, 5*t - 4*c - n = 0. Calculate the remainder when t is divided by 3.
2
Suppose -226*k - 10132 = -243*k. Calculate the remainder when k is divided by 93.
38
Let a(s) = 7*s + 7. Let l be a(-1). Let c be (0 - -3) + l/(-4) + 52. Calculate the remainder when (c/10)/11 + 21/6 is divided by 2.
0
Let l = 3367 + -2680. Calculate the remainder when l is divided by 23.
20
Let n be 2/(-4)*232/(-29). Suppose z = 4*h - 189, n*h = -0*h - 4*z + 164. Calculate the remainder when h is divided by 24.
22
What is the remainder when 1797 is divided by 4*5/(-20)*(-198 - (-4)/(-2))?
197
Suppose 50*s = 32*s + 414. Suppose 14 = w - 44. What is the remainder when w is divided by s?
12
Suppose 503*o - 500*o = -3*h + 3954, 3*o + 5223 = 4*h. Calculate the remainder when h is divided by 101.
99
Let w = -20814 + 30726. What is the remainder when w is divided by 23?
22
Let c = -2573 - -2679. What is the remainder when 11446 is divided by c?
104
Let q(f) = f**2 + 21*f + 91. Calculate the remainder when 1366 is divided by q(-23).
133
Suppose 27*j - 1944 = 19*j. Let s = 249 - j. What is the remainder when (-350)/(-6) + (-4)/(-6) is divided by s?
5
Let w be (-27 - 2)*(1 - 3). Let q = w - 11. Let x = q - 37. Calculate the remainder when 87 is divided by x.
7
Let h(c) = 11*c + 54. Let z be h(-4). Let w(k) = 10*k - 96. Calculate the remainder when 11 is divided by w(z).
3
Suppose -11*c - 69 + 300 = 0. Suppose 0 = c*i - 142 - 383. Calculate the remainder when 80 is divided by i.
5
Let h(a) = 22*a + 95. Calculate the remainder when h(9) is divided by 42.
41
Let g = 2387 - 2365. What is the remainder when 111 is divided by g?
1
Let j be (-5 - -7) + -3 + 2 + 1. Let f(h) = -1 - 4 + h - h**2 + 0*h**j + 41*h**3 + 4. Calculate the remainder when 78 is divided by f(1).
38
Suppose 16*z - 2850 = -22*z. Let r be 690/8 + (-1)/4. Let v = r - z. Calculate the remainder when v is divided by 8.
3
Let i = -480 - -483. Suppose 0 = x - 2*y - 0*y - 55, -3*x + 138 = i*y. What is the remainder when x is divided by 12?
1
What is the remainder when -20 - -24 - (-971 - -3) is divided by 65?
62
Let w be 2 - -3 - 2/1. Let v be w*17/15 - (-3)/5. Suppose v*g + 3*q = -0*g + 140, -g = 3*q - 26. What is the remainder when 150 is divided by g?
36
Let l be 5 - 0/(0 + -4). Suppose l*j = 79 + 11. Suppose -6*s + 2*s = k - 419, 0 = -5*s + 2*k + 527. What is the remainder when s is divided by j?
15
Suppose 0*i + 91*i - 6842 = -1928. What is the remainder when 1288 is divided by i?
46
Let a(x) be the third derivative of 7/24*x**4 + x**3 + 0*x - 17*x**2 + 0. Calculate the remainder when 63 is divided by a(3).
9
Let y = 1894 - 1883. What is the remainder when 7885 is divided by y?
9
Suppose 0 = 4*j - 5*c - 1996, -15*j - c = -11*j - 2020. Calculate the remainder when j is divided by 246.
12
Suppose 0*y + 3*y - 275 = -5*d, 5*y + 275 = 5*d. Let x = -753 + 786. Calculate the remainder when d is divided by x.
22
Suppose -2*h + 4*q + 192 = 0, 12*h - 9*h - 286 = 5*q. What is the remainder when h is divided by 55?
37
Let b = -10 - -7. Let r = b - -6. Suppose 67 + 152 = r*u. What is the remainder when u is divided by 15?
13
Suppose 5*q + 1944 = 5*k + 2*q, 2*k = -5*q + 759. Calculate the remainder when k is divided by (115/(-9) + (-20)/90)/(-1).
10
Suppose -8*n + 1068 = 340. Suppose -79 = y - n. What is the remainder when 23 is divided by y?
11
Let f(u) = u**3 + 6*u**2 - 7*u + 269. Let n(c) = c**3 + 7*c**2 - 8*c + 269. Let v(j) = 7*f(j) - 6*n(j). What is the remainder when v(0) is divided by 18?
17
Calculate the remainder when 638 is divided by ((-20)/(-3))/(3/9).
18
Let u = -4508 + 4512. Suppose 3*f = -3*i + 75, 0 = -i + f + 20 - 3. Calculate the remainder when i is divided by u.
1
Let l(d) = -d**3 - 4*d**2 - 6*d - 9. Suppose 3*a + 101 = 377. Suppose 14 = -3*c + a. Calculate the remainder when c is divided by l(-4).
11
Let m = 414 + -365. Suppose -39 = -4*w + m. Suppose -633 = -5*h + 3*c, -2*h - 3*h - 5*c = -625. What is the remainder when h is divided by w?
16
Let l(z) = z**2 + 99*z - 10810. Let r(f) = 6*f - 1. Let i be r(1). Suppose 10 = -i*v + 145. Calculate the remainder when l(-165) is divided by v.
26
Let y(w) = 30*w - 6. Let p be y(6). Suppose -4*o + p + 66 = 0. Calculate the remainder when o is divided by (-17)/(-2) - (-5)/50*5.
6
Let f(k) = 74*k + 6083. Calculate the remainder when 53 is divided by f(-82).
8
Let h = 954 + -922. Let u = -193 - -199. What is the remainder when h is divided by u?
2
Suppose -3*i + 3*d = -495, 5*d - 1209 = -i - 1032. What is the remainder when 523 is divided by i?
22
Let z(b) = 19*b - 971. What is the remainder when 1027 is divided by z(53)?
19
Suppose 3*j = -5 + 35. Suppose 5*q - 3*y = 3815, -2*y + 0*y = 3*q - 2270. Let r = q - 711. What is the remainder when r is divided by j?
9
What is the remainder when (-10 + -74)/(-42) - 2/((-2)/359) is divided by 61?
56
Suppose -12*c - 1249 = -1453. Calculate the remainder when ((-232)/12)/((-4)/42) is divided by c.
16
Let w(z) be the second derivative of -13*z**3/3 - 43*z**2/2 + 9*z + 1. Calculate the remainder when w(-2) is divided by 7.
2
Suppose 15 = 5*w + 5*o, 0 = 5*w - w - 4*o - 28. Suppose w*y - 75 + 20 = 0. Calculate the remainder when (-48)/(((-63)/(-12))/(-7)) is divided by y.
9
Let k(s) = -4*s - 282. Let b(z) = -3*z. Let p(g) = -5*b(g) + k(g). Calculate the remainder when p(32) is divided by 24.
22
Let h = 101707 + -101405. What is the remainder when h is divided by (40 - 0) + (0 - 2)?
36
Let q = -34193 - -34243. What is the remainder when 892/3 - (-2)/(-6) is divided by q?
47
Suppose 80 = 58*p - 50*p. What is the remainder when (-4749)/(-15) + 4 + 4/p is divided by 54?
51
Suppose 2*c + 23 = -39. Calculate the remainder when (-2 + 4)*-1 - -70 is divided by (-5 - c) + 0 + -3.
22
Let c = -3145 + 3269. What is the remainder when c is divided by 113?
11
Let m = 205 + -195. Suppose -m*p = 38 - 558. Suppose -2*q + 3*t + 89 = 3*q, q = -4*t + 27. What is the remainder when p is divided by q?
14
Let g = -61 - -61. Suppose g = -13*a - 10*a + 920. What is the remainder when 132 is divided by a?
12
Let m = -13 + 79. Suppose 30*a - 31*a = -m. What is the remainder when a is divided by 17?
15
Let r(h) = -141*h + 284. Calculate the remainder when r(0) is divided by 133.
18
Let g(p) = p**2 + 3*p - 47. Let w be g(8). Let b = 123 + w. What is the remainder when b is divided by 55?
54
Suppose 150*o = -15*o + 27390. What is the remainder when 1300 is divided by o?
138
Let o be 4 - ((-15)/(-5) - 2). Suppose o*s = 9*s - 240. Suppose 2*t - 22 = t. What is the remainder when s is divided by t?
18
Let r(k) = 14*k + 9*k + 11*k - 36*k - 1. Let h be r(3). What is the remainder when 102 is divided by 3/((4/(-4))/h)?
18
Let m(l) = 9*l + 117. Let f be m(-13). Let z = 29 - f. Calculate the remainder when z is divided by 5.
4
Let u(z) = -z**3 - 4*z**2 - 4*z - 3. Suppose -18*l + 72*l = 4330 + 3359 - 2775. Calculate the remainder when l is divided by u(-5).
7
Suppose -79 = -4*o - 23. Suppose -5*y + u - 52 = 0, 5*y - 8*u + 4*u = -43. Let c(b) = -20*b - 168. Calculate the remainder when c(y) is divided by o.
10
Suppose -14*h = 299 - 719. Suppose 5*p - 11 = -3*w - h, -2*p = -4*w + 18. Calculate the remainder when 161 is divided by 935/22 - 3/w.
38
Suppose -89*m + 58100 = 262*m - 97042. Calculate the remainder when m is divided by 131.
49
Calculate the remainder when 20/(-7)*1274/(-32 + 6) is divided by 38.
26
What is the remainder when 280 is divided by 144*1 - ((-1)/5 + 3024/420)?
6
Suppose -198*x + 190*x + 13304 = 0. Calculate the remainder when x is divided by 128.
127
Calculate the remainder when (-2146)/12*-3 - 2/(-4) is divided by 21.
12
Calculate the remainder when 947 is divided by 19*(-3)/2*(-20)/18*3.
92
Suppose 0 = b - 1, 2*b - 155 = -i - 0*b. Let v = i + -66. Suppose 0 = s - g - 3*g - 42, -s + v = 5*g. Calculate